ivative of -2*w**3/3 + 5*w**2/2 + 14*w - 13. Let y be z(8). Let g = y + 285. Is g a prime number?
True
Let a(q) be the third derivative of q**6/120 + q**5/5 - q**4/8 - 23*q**3/6 + 7*q**2. Is a(13) a prime number?
False
Suppose 378 = 2*l - 8*l. Let f be (-357)/l - 2/3. Suppose -3347 = -f*x + 2358. Is x prime?
False
Let f = 138757 + -15876. Suppose f = 38*t + 15455. Is t a composite number?
True
Let p(q) = 26876*q**2 + 65*q + 2. Is p(-1) prime?
True
Let t be (-30 - -28)/(1/(-212)). Suppose 0 = j + 3*g - t, 8*g + 1202 = 3*j + 3*g. Is j composite?
False
Let t(w) = 632*w**3 - 32*w**2 + 164*w + 11. Is t(5) a composite number?
False
Suppose -a = -10 + 5. Suppose a*n + 9*o = 8*o + 15653, -4*o - 8 = 0. Is n prime?
False
Let g = 26 - 30. Is (4/(-16))/(g + 797244/199312) a prime number?
True
Let h = 404 + -406. Let w = -41 - -35. Is (w/18)/((-3)/(-7470)*h) prime?
False
Suppose 8 = 5*v + h, 19*h - 21*h = -v + 6. Is (-3)/3*(3493 - v)/(-1) a prime number?
True
Let o(b) be the third derivative of -73*b**4/12 - 16*b**3/3 + 10*b**2 + 3*b. Suppose -50 = 2*f + 3*f - 5*j, -26 = 3*f + j. Is o(f) composite?
True
Let u = 29351 - 4462. Is u a prime number?
True
Suppose -71*w + 69*w = -f - 14702, 2*f - 29388 = -4*w. Is w a prime number?
True
Suppose -33*p = 2*b - 28*p - 1380023, 5*b = 5*p + 3449970. Is b prime?
False
Suppose 4*u + 16 - 28 = 0. Suppose -3*l + u*s + 501 = -s, -l - s + 167 = 0. Let w = l - -900. Is w a composite number?
True
Let n be (6 - (-692)/(-28)) + (-2)/7. Let b = n + 21. Suppose r + 101 = 3*g + 486, b*r - g - 780 = 0. Is r prime?
False
Suppose 0 = -3*c - 3*d + 540198, 3*d = 53*c - 49*c - 720271. Is c composite?
True
Suppose -5*k - 42 = -11*k. Let u be (-6)/2 - (k - 13). Suppose 0*p + 5*p = -u*n + 808, -n - 160 = -p. Is p prime?
False
Let a = -116 + 275. Suppose -a*y = -155*y - 29972. Is y composite?
True
Let i(k) = -2*k**2 + k - 1. Let n(f) be the second derivative of -5*f**4/3 + 2*f**3/3 - 12*f**2 + 21*f. Let w(q) = 5*i(q) - n(q). Is w(-10) composite?
False
Let m = -4479 + 9912. Is m composite?
True
Let x(d) = 71*d - 23. Let k(i) = 71*i - 24. Let g(a) = -5*k(a) + 6*x(a). Let h be g(10). Suppose j - 5*q = h, -3*q + 1319 = 4*j - 2*j. Is j a prime number?
False
Let y be 7/35 + 158/10. Let o(x) = -2*x**3 - 2*x**2 + 6*x + 2. Let z be o(3). Is z/y - -3 - 7626/(-8) a composite number?
False
Let a(q) = -10563*q + 3184. Is a(-25) a prime number?
True
Suppose -4*p = 12, 4*v - 4*p + 883565 = 5*v. Is v prime?
True
Suppose 3499 = -5*o - 2276. Let t = o - -8668. Is t composite?
True
Suppose 4*r + 2*s = -33338, 4*r + 2*s + 16674 = 2*r. Let n = 1051 - r. Is n a composite number?
True
Let l be (1 + 5 + 8)*(-70)/(-4). Let p be -14*(-7)/(l/10). Is -69*((-1)/p + (-113)/12) composite?
True
Let p = 9 - 9. Let o be p*-1*1*(-2)/(-6). Suppose o = -4*l - 4*y + 2844, 4*l = -y + 3528 - 678. Is l a prime number?
False
Let b = 56 + -66. Let i = b - -4. Is 1151 + (-3)/6*i/1 a prime number?
False
Let s be (2 + 1)*-5407 + 4. Let i = -10918 - s. Is i a composite number?
True
Suppose 2355959 = 13*f + 10*f. Is f prime?
True
Suppose -15*q - 6 = -13*q, 0 = -o - 3*q + 6801. Suppose -5*p = 2*w + 4057 - 15414, -3*p = -3*w - o. Is p a prime number?
False
Let x be (-10)/(-2) - (-65 - 0). Suppose 2716 = 74*a - x*a. Is a a composite number?
True
Let f(g) = 496*g**2 + 33*g + 138. Let r be (-3 + (-14)/(-3))/(3/(-9)). Is f(r) composite?
False
Let j be ((-1)/(-1) - 0)*3. Suppose -x + 16 = 3*w + 3, 2*w = -j*x + 11. Is w/28 - (-4638)/21 prime?
False
Is -3 - (-715330)/(-5 + 16) composite?
False
Is (78/21 - (-2)/7)*2293413/4 prime?
False
Let j = 110 - 7. Let v(o) = -7 - j*o + 35*o - 232*o. Is v(-1) composite?
False
Let d be 1 - 0 - (-1040)/16. Suppose -3*h = 2*o + d, 104 = -4*o + h - 0*h. Is (-4527)/o*(-2 + 2 + 3) prime?
True
Suppose 2*h - 5*k = 11, 5*k + 2 = -h - 0. Suppose 2*l - 5*b = 1355, -b - h = 2. Suppose -3*z = -5*a + 1103, 2*z - l = -3*a + 3*z. Is a a prime number?
True
Suppose -a - 5*t - 8 = 0, a = 3*t + t + 10. Suppose -2*d = d + 9, a*v + 2*d - 1460 = 0. Is v a composite number?
False
Suppose 6473408 - 1601585 = 33*m. Is m prime?
False
Let l be 10/(-3)*21/(-14). Suppose 2*n + 112 + 703 = -l*i, -4*n = -4*i + 1616. Let m = n - -968. Is m prime?
True
Is (-6)/(-14) + 2257980122/2191 a composite number?
False
Is (13 - (5 + 7))/(1/11189) composite?
True
Let n = 980878 - 584045. Is n prime?
True
Let v(d) = 310*d - 45. Let q be (-104)/(-10) - (-135)/225. Is v(q) prime?
False
Let m(p) = 50*p**3 - 6*p**2 + 6*p + 4. Suppose -h - 2 = -2*s + 3, -s - h + 4 = 0. Is m(s) a composite number?
True
Suppose -315686 = 23*f - 9*f. Let n = f + 37622. Is n composite?
False
Suppose -21538 = 16*s - 408242. Is s a prime number?
True
Let c(l) = 1689*l - 3193. Is c(58) a prime number?
False
Let g = 477 + -477. Suppose r - 3*n = 2086, -4*r + 4*n = -g*n - 8376. Is r prime?
False
Let u be (2 + 369/6)*2. Suppose -3*d + 8*d + 192 = 2*o, -3*d - 5*o - 109 = 0. Let g = u + d. Is g prime?
True
Suppose 2*l = -0*l - y + 109736, 0 = 2*l - y - 109740. Is l prime?
True
Let o(c) = 11 - 17*c - 17*c**2 - 2*c**3 - 38 - 22*c**2 - 47 - 25*c. Is o(-33) composite?
True
Let l(s) = -5*s - 5. Let z be l(-2). Suppose -3*h = -x + 389, 0 = -z*h - 2 - 3. Suppose x = u - 3*n + 13, -4*n = -8. Is u a prime number?
True
Suppose 8*f + 7*f = -615. Let q = f - -42. Is 446 + (16 + -17)*(q - 0) prime?
False
Let v(g) be the first derivative of -47*g**4 - 2*g**2 + 1/3*g**3 - 23 - 5*g. Is v(-2) a prime number?
True
Suppose 80783658 + 146634234 = 222*y - 66*y. Is y a composite number?
True
Let h(g) = g**3 + 193*g**2 - 555*g - 1491. Is h(-140) composite?
True
Suppose 0 = -x, 3*f - 2*x + 1438 = 121. Suppose -2*p = -11 + 1707. Let i = f - p. Is i composite?
False
Is 343030 - (160/20 + -12) composite?
True
Let q be (-1 + (3 - 2))/6. Suppose -1302 = -j - q*j + s, -6505 = -5*j + 4*s. Is j a composite number?
False
Suppose -5*i - 2*a = 20, 4*i + 4 = -5*a + a. Is i - 82*690/(-12) composite?
True
Let l be -1*2 - (-5 + (-2)/(-2)). Suppose -2*g + 3*g - l = 0. Suppose -2749 = -3*c - g*w, -5*w = 3*c + 887 - 3624. Is c a composite number?
False
Let w(n) = -9*n**3 - 4*n**2 + 5*n + 2. Let a be w(4). Let u = -423 - a. Suppose -4*g = 5*p - u, -5*g + 3*p + 236 + 54 = 0. Is g prime?
False
Let n be (-4)/(-2)*215/(-2). Let v be (-21990)/40 - (1/2)/(4/2). Let x = n - v. Is x a composite number?
True
Let o be (-55*2)/(-5) - 7. Is (-2 - (-24)/o) + (-113805)/(-75) a prime number?
False
Is ((-357)/27 + 8/36)*(-44 + -185223) a prime number?
False
Suppose -4050898 = -1788*a + 1742*a. Is a a prime number?
False
Suppose -118055 = 92*d - 1499251. Is d prime?
True
Let w(l) = 57*l**3 + 13*l**2 - 55*l - 52. Is w(5) composite?
True
Let x(a) = 3*a + 27. Let c be x(-8). Suppose 0 = -c*f - 9, -22 = -4*o - 0*f + 2*f. Suppose -5*p = -o*b - 705, 7*p - 420 = 4*p + 3*b. Is p composite?
True
Let y = 185 + 5036. Suppose y - 649 = 36*n. Is n prime?
True
Let v = 11 + 39. Suppose -2*k + 107 - 6 = r, k - 369 = -4*r. Let u = r + v. Is u a composite number?
True
Let l(s) be the third derivative of 0 + 0*s + 18*s**2 - 1/6*s**3 - 1/4*s**4 + 1/5*s**5. Is l(-7) composite?
True
Suppose -9201 - 2833 = o - 5*x, 0 = -5*o + x - 60146. Let f = o + 18358. Is f a composite number?
False
Is (-3)/(36/(-6) - -12)*164644/(-2) a prime number?
True
Let z = 719463 - 423985. Is z prime?
False
Let j = 143635 + -91862. Is j prime?
False
Let g(v) = -21*v**3 + 2*v**2 + 1 - 14*v**3 + 11*v**2 - 23*v**2 + 9*v**2. Suppose -p - n = 5, 0*n + 6 = -2*p - n. Is g(p) a prime number?
False
Let m(n) = -8*n**3 - 30*n**2 - 11*n + 20. Let v(d) = 2*d**3 - 1. Let y(j) = m(j) + 6*v(j). Is y(13) prime?
False
Suppose 25*f = -f - 52. Is (f - -31239)/(-2 + 2 + 1) a prime number?
True
Let i(y) = -4*y**3 + y**2 - 3*y + 9. Let c be i(2). Let t = 27 + c. Suppose -2*m - z + 0*z = -20733, 2*z = -t. Is m a composite number?
True
Let o = 813691 - 458972. Is o composite?
True
Suppose -43*s + 20370809 = 6919678. Is s composite?
True
Suppose -2*j - 9 = 3*g + j, 3 = 3*g - j. Suppose g = -y - 3*r - 8, -2*y = 3*y - 3*r - 14. Let a(u) = 336*u**2 - u. Is a(y) a prime number?
False
Suppose -10 = -15*d + 10*d. Suppose 3*s + 2*b = 10, -4*s + 17 = -d*b + b. Suppose -s*g = g - 1115. Is g a composite number?
False
Suppose 96 = 4*k + 2*k. Is 22108/k + (-8)/(-32) a prime 